 = 28 - 2. Suppose -h + 2*k = -f, h + 3*h = -2*k + 74. Let v = -18 + 56. Calculate the remainder when v is divided by h.
18
Let q be 9/(-1)*(-2)/1. Let b(n) = -n**2 - n + 32. Calculate the remainder when b(0) is divided by -2 - (1 - (q - -2)).
15
Suppose -4*o = -6*o + 30. What is the remainder when 43 is divided by o?
13
Suppose -b - 2*b - 1 = 4*v, 0 = v - 2. Calculate the remainder when 10 is divided by b + 8 + 1/(-1).
2
Calculate the remainder when -3 - (-5 + 3) - -62 is divided by 16.
13
Let a = 109 - 105. Suppose -4*f + 18 = 5*b - 24, 3*f - 31 = -4*b. Calculate the remainder when f is divided by a.
1
Suppose 4*l + r + 29 = 136, -37 = -2*l + 5*r. Calculate the remainder when l is divided by 10.
6
Let m = 54 - 30. Calculate the remainder when m is divided by 13.
11
Let l = 29 + -16. Suppose -s = -4*c + 19, -2*c + 4*c + 5*s = -7. What is the remainder when l is divided by c?
1
Suppose 26*w - 12 = 24*w. What is the remainder when 1/((-2)/(-2))*16 is divided by w?
4
Let m(a) = 10*a**2 + 1. Let v be m(-1). Suppose 5*z = -5*u, 0 = 5*z - 5*u + 1 - v. Calculate the remainder when 1 is divided by z.
0
Suppose -4*g + 231 = 5*j, j + 3*g = 5*g + 35. Calculate the remainder when 79 is divided by j.
36
Suppose x - 10 = -0*d - 2*d, 5*d = 2*x - 11. Let q = -26 - -48. Calculate the remainder when q is divided by x.
6
Suppose -7*g = -2*g - 165. Let f = g + 9. Suppose 0 = -h + 2*h - 5*i + 17, 4*h - f = -2*i. What is the remainder when h is divided by 5?
3
Suppose -3*r = -r - 6. Let b be r/((-3)/(-1)) + 1. Calculate the remainder when 14 is divided by -2 - (2 - b) - -10.
6
Let w = -17 - -18. Let v(h) = -h. Let k be v(-5). Suppose -3*q + c = -20, -k*c + 3 = 2*q + w. What is the remainder when 16 is divided by q?
4
Suppose -5*j - 88 = -4*f, -3*j - 88 = -4*f - 2*j. Calculate the remainder when 65 is divided by f.
21
Suppose 0 = -0*n - 3*n + 51. Let h = 2 + -3. Calculate the remainder when (-2 - h) + 1 + 32 is divided by n.
15
Let h = 5 - 1. Let f = h - -2. What is the remainder when (-40)/f*(-18)/15 is divided by 3?
2
Let v = 9 + -16. Let b = v + 13. Suppose 0 = -0*g + 3*g - b. Calculate the remainder when 4 is divided by g.
0
Suppose 4*a = 32 + 12. Calculate the remainder when 30 is divided by a.
8
Suppose 0 = 4*x + 5*f - 57, -3*x = -4*x + f + 12. What is the remainder when 36 is divided by x?
10
Suppose -4*z + 2 = 70. Let f = -6 - z. Calculate the remainder when f is divided by 4.
3
Suppose 2*d = 41 - 1. Let s be (d/(-6))/(3/(-18)). Suppose s + 0 = w. Calculate the remainder when w is divided by 7.
6
Suppose z - 4*r = 33, 4*z + 2*r = 3*r + 102. What is the remainder when z is divided by 13?
12
Suppose 4*l - 108 = -4*i, -l - 3 + 92 = 3*i. What is the remainder when i is divided by 4?
3
Let s = 199 - 287. Calculate the remainder when s/(-10) + (-4)/(-20) is divided by 4.
1
Let m be 60/9*(-12)/(-5). Suppose 0 = 2*z - m. Calculate the remainder when 23 is divided by z.
7
Suppose -2*i + 36 = -2*c, i + 0*i - 26 = -c. Calculate the remainder when i is divided by 5.
2
Suppose -102 = -6*s - 42. Suppose 30 = -9*m + s*m. Calculate the remainder when m is divided by 8.
6
What is the remainder when (10/20)/(2/72) is divided by 10?
8
Let y = -23 - -32. What is the remainder when y is divided by 6?
3
Let q = -4 + 1. Let s be (-2)/(-3) + (-13)/q. Suppose -3*m + a = -92 - 52, 4*m - 203 = s*a. Calculate the remainder when m is divided by 16.
15
Let a = 10 + 0. Let j = a + -7. Suppose -o + 19 = j*r, o + o - 38 = 2*r. What is the remainder when o is divided by 10?
9
Suppose 2*o - 214 = -4*n - n, -2*n + 103 = -5*o. Suppose -5*a = -a. Suppose -b = -5, -5*f + a*b + 80 = b. What is the remainder when n is divided by f?
14
Let j = 1 - 0. Let k = 3 - j. Calculate the remainder when 6 is divided by k.
0
Let k(c) = -c + 15. What is the remainder when 58 is divided by k(-7)?
14
Let k(h) = 4*h**3. Let m be k(1). Suppose -m*b + b + 3*q = -60, 4*q = -2*b + 16. Let c = 35 + -26. Calculate the remainder when b is divided by c.
7
Let b be 0/(-1) - 0 - -15. Suppose 504 = 2*m + 10*m. Calculate the remainder when m is divided by (-3)/b + 222/10.
20
Calculate the remainder when (81/(-36))/((-2)/96) is divided by 22.
20
Let c = 4 - 1. What is the remainder when 4 is divided by c?
1
Suppose -5*g - 5*h = -58 - 37, -3*h + 15 = 0. Calculate the remainder when g is divided by 11.
3
Suppose -60 = -3*b - b. Suppose -57 = -5*n + 4*x, -n - 2*x - b = -2*n. What is the remainder when 26 is divided by n?
8
Let g = 18 - 14. Calculate the remainder when 13 is divided by g.
1
Suppose 3*d - 5*x - 40 = -2*d, -19 = -3*d + 2*x. Suppose -p = -d*p + 10. What is the remainder when 13 is divided by p?
3
Suppose -8 = 6*z - 2*z. What is the remainder when (-9)/3 + (-8)/z is divided by 1?
0
Let u(z) = z**2 + 23*z + 8. Calculate the remainder when 52 is divided by u(-23).
4
Let n(f) = 2*f**3 + 4*f**2 - 4*f + 5. Calculate the remainder when n(3) is divided by 42.
41
Let i(j) = j + 15. Calculate the remainder when 10 is divided by i(-9).
4
Suppose 5*j - 24 = j. Let q = -91 + 105. Calculate the remainder when q is divided by j.
2
Suppose -4*c = -4*x + 48, -4*x - 4*c = c - 39. Let f = 20 + -14. Calculate the remainder when x is divided by f.
5
Calculate the remainder when (-11 + 165)/(-1 + 10/6) is divided by 13.
10
Let j(g) = -g**3 - 5*g**2 + g + 6. Let w be j(-5). What is the remainder when 10 is divided by w*(-6)/9*-6?
2
Suppose 3*p = 4*p - 4. Suppose 43 = 5*m + 3*y, 3*m - p*y + 8 = 28. Suppose -2*l + 3*l - m = 0. Calculate the remainder when l is divided by 3.
2
Let z(o) = -o**3 + 4*o**2 + 2*o - 7. Let m be z(5). Let b(n) = -3*n + 7. Let s be b(6). Let d = s - m. Calculate the remainder when d is divided by 4.
3
Let x(o) = -2*o + 2. Let r be x(3). Let d(u) = u + 6. What is the remainder when 3 is divided by d(r)?
1
Suppose g - 17 = -4*t + 2*g, -t = 2*g - 11. Calculate the remainder when t is divided by 3.
2
Let q(d) = d**3 + 9*d**2 + 6. Let n be q(-7). What is the remainder when 3/6*-6 + n is divided by 26?
23
Let x(h) = h**3 - h**2 + 2. Suppose 5*m = q + 1 - 25, 4*m + 4*q = 0. What is the remainder when x(4) is divided by m/10 + (-261)/(-15)?
16
Suppose 2*t - 57 = -t. Let p(d) = -11*d + 1. Let w be p(-1). Suppose -l - 4*s - 18 = -2*l, w = 2*l + 4*s. What is the remainder when t is divided by l?
9
Suppose -53 = 4*d - 13. Let o = 25 + d. Suppose 8 + 8 = 2*h. What is the remainder when o is divided by h?
7
Suppose -3*h = -h - 26. Let i(c) = -c**2 - 9*c - 7. Let t = -18 - -11. What is the remainder when h is divided by i(t)?
6
Let a(x) be the third derivative of -x**4/8 - 5*x**3/6 + 3*x**2. What is the remainder when 24 is divided by a(-6)?
11
Suppose 2*s = -4*d + 38, -3*d - 18 = -5*d - 2*s. What is the remainder when 29 is divided by d?
9
Let q(k) = -4*k - 37. What is the remainder when 41 is divided by q(-13)?
11
Suppose 0 = 3*z - 12 - 3. Suppose 0*p - 30 = -5*p - 5*o, z*p + o = 18. Calculate the remainder when p is divided by 2.
1
Let r be 8/28 + 506/(-7). Let h = -45 - r. What is the remainder when h is divided by 14?
13
Suppose -188 = -8*i + 4*i. What is the remainder when i is divided by 2 + 10/(-6) + (-210)/(-18)?
11
Let w(r) be the second derivative of 2*r**3/3 - r**2/2 - 4*r. Let g(x) = x**3 + 6*x**2 + 4*x. Let v be g(-5). What is the remainder when 56 is divided by w(v)?
18
Let d = -54 - -125. Let c = d - 49. Calculate the remainder when c is divided by 8.
6
Let b = 2 + 15. Calculate the remainder when 66 is divided by b.
15
Let x(q) = -3*q + 2 - 7*q**2 + 8*q**2 + q. Calculate the remainder when 17 is divided by x(4).
7
Suppose 0 = 11*j - 4*j - 210. Calculate the remainder when 149 is divided by j.
29
Calculate the remainder when 29 is divided by (3/(-9))/((-6)/144).
5
Let s(f) = 28*f**2 - 6*f + 7. Calculate the remainder when s(2) is divided by 27.
26
Suppose -y = -v - 2*y + 5, 2*y - 7 = v. What is the remainder when 7 is divided by 3 - v - 2*-1?
3
Let m be (8/6)/(6/(-9)). Let q = 13 + m. Suppose 7 = v - 3*t - 4, 0 = 5*v + 3*t - 109. What is the remainder when v is divided by q?
9
Let f(q) = q + 6. Let c be f(-6). Suppose m = -c*m + 11. Calculate the remainder when 31 is divided by m.
9
Let d(q) = -3*q**2 + q + 1. Let h be d(-1). Let v = -4 - h. What is the remainder when (-3)/3*46/v is divided by 16?
14
Suppose -